late the remainder when 238656 is divided by 687.
267
Calculate the remainder when 5565428 is divided by 1113085.
3
Calculate the remainder when 8078 is divided by 7376.
702
Calculate the remainder when 283363 is divided by 618.
319
What is the remainder when 23314354 is divided by 5469?
7
Calculate the remainder when 80242042 is divided by 178.
176
Calculate the remainder when 236167 is divided by 75.
67
Calculate the remainder when 14129520 is divided by 4709839.
3
Calculate the remainder when 1563000 is divided by 3722.
3482
What is the remainder when 679176 is divided by 30867?
102
Calculate the remainder when 22099557 is divided by 12.
9
Calculate the remainder when 13033200 is divided by 1088.
48
Calculate the remainder when 83630868 is divided by 86.
82
What is the remainder when 67647338 is divided by 33823660?
18
What is the remainder when 1888053 is divided by 269686?
251
Calculate the remainder when 110128740 is divided by 186.
0
Calculate the remainder when 257772 is divided by 17184.
12
What is the remainder when 15224571 is divided by 35907?
3
What is the remainder when 2653528 is divided by 187?
185
What is the remainder when 71997942 is divided by 1508?
1498
What is the remainder when 129348 is divided by 1347?
36
Calculate the remainder when 45726147 is divided by 3810512.
3
What is the remainder when 3667516 is divided by 215735?
21
What is the remainder when 1635267874 is divided by 25?
24
What is the remainder when 4997238 is divided by 255?
3
Calculate the remainder when 1249402 is divided by 65756.
38
Calculate the remainder when 139253 is divided by 46227.
572
Calculate the remainder when 80858 is divided by 964.
846
Calculate the remainder when 569128 is divided by 568804.
324
What is the remainder when 760662 is divided by 760615?
47
Calculate the remainder when 18016 is divided by 2157.
760
Calculate the remainder when 232108 is divided by 362.
66
What is the remainder when 22528045 is divided by 10?
5
What is the remainder when 11361039 is divided by 44206?
97
What is the remainder when 542731 is divided by 2385?
1336
Calculate the remainder when 8881 is divided by 97.
54
What is the remainder when 200492424 is divided by 4047?
4044
Calculate the remainder when 134598 is divided by 3834.
408
What is the remainder when 1163287 is divided by 1205?
462
Calculate the remainder when 10861296 is divided by 1530.
1356
Calculate the remainder when 1740522 is divided by 2330.
12
Calculate the remainder when 2266300 is divided by 13570.
110
What is the remainder when 5475612 is divided by 95?
2
Calculate the remainder when 336827 is divided by 594.
29
Calculate the remainder when 73142 is divided by 328.
326
Calculate the remainder when 5893142 is divided by 982188.
14
Calculate the remainder when 34724913 is divided by 1972.
1937
What is the remainder when 98736 is divided by 24668?
64
What is the remainder when 13085732 is divided by 1752?
44
Calculate the remainder when 2136554 is divided by 3735.
134
What is the remainder when 2730053 is divided by 36?
29
What is the remainder when 592117 is divided by 591992?
125
What is the remainder when 16084 is divided by 244?
224
Calculate the remainder when 289724 is divided by 4749.
35
What is the remainder when 322844 is divided by 4870?
1424
What is the remainder when 571429 is divided by 159?
142
Calculate the remainder when 1116650 is divided by 13137.
5
What is the remainder when 290944 is divided by 470?
14
What is the remainder when 279236 is divided by 139591?
54
Calculate the remainder when 940015 is divided by 34815.
10
Calculate the remainder when 7858 is divided by 3734.
390
What is the remainder when 86632 is divided by 86548?
84
Calculate the remainder when 8846213 is divided by 680474.
51
Calculate the remainder when 38079422 is divided by 2115523.
8
Calculate the remainder when 2617474 is divided by 239.
185
What is the remainder when 36903659 is divided by 435?
434
Calculate the remainder when 189135 is divided by 3104.
2895
Calculate the remainder when 3356306 is divided by 1244.
1238
Calculate the remainder when 6344053 is divided by 244001.
27
Calculate the remainder when 1374420 is divided by 1328.
1268
Calculate the remainder when 334100 is divided by 1954.
1920
What is the remainder when 4259067 is divided by 2129420?
227
Calculate the remainder when 531561 is divided by 151.
41
Calculate the remainder when 9913 is divided by 8709.
1204
Calculate the remainder when 57629 is divided by 10881.
3224
Calculate the remainder when 3305074 is divided by 417.
349
What is the remainder when 4960 is divided by 650?
410
What is the remainder when 8579174 is divided by 11?
10
Calculate the remainder when 15826163 is divided by 5275385.
8
What is the remainder when 4435032 is divided by 753?
615
What is the remainder when 493259086 is divided by 168?
166
Calculate the remainder when 23865967 is divided by 1636.
1635
Calculate the remainder when 8511187 is divided by 2758.
2757
Calculate the remainder when 12777936 is divided by 53020.
116
Calculate the remainder when 10594 is divided by 578.
190
Calculate the remainder when 12865 is divided by 1014.
697
Calculate the remainder when 1769394 is divided by 353875.
19
What is the remainder when 618934 is divided by 525?
484
What is the remainder when 90907682 is divided by 38?
16
Calculate the remainder when 4710394 is divided by 942076.
14
Calculate the remainder when 15277500 is divided by 185.
15
What is the remainder when 642918 is divided by 128244?
1698
What is the remainder when 579563262 is divided by 8288?
8286
What is the remainder when 255584739 is divided by 230?
229
Calculate the remainder when 1878654 is divided by 187864.
14
Calculate the remainder when 5180192 is divided by 93.
92
Calculate the remainder when 6498089 is divided by 969.
944
What is the remainder when 2194559 is divided by 41406?
41
Calculate the remainder when 41437 is divided by 2966.
2879
What is the remainder when 105389906 is divided by 21?
20
What is the remainder when 10992516 is divided by 4167?
4137
Calculate the remainder when 31861 is divided by 2186.
1257
Calculate the remainder when 23715 is divided by 2865.
795
Calculate the remainder when 4998629 is divided by 93.
65
What is the remainder when 14271570 is divided by 275?
170
What is the remainder when 15659 is divided by 2062?
1225
What is the remainder when 31480432 is divided by 95107?
15
What is the remainder when 55000 is divided by 1288?
904
Calculate the remainder when 357320 is divided by 44639.
208
What is the remainder when 7307021 is divided by 2605?
2601
Calculate the remainder when 742922 is divided by 12794.
870
Calculate the remainder when 7614287 is divided by 1903570.
7
Calculate the remainder when 11670899 is divided by 1787.
2
What is the remainder when 115953 is divided by 12840?
393
What is the remainder when 6360799 is divided by 371?
4
What is the remainder when 43326 is divided by 13957?
1455
What is the remainder when 68837 is divided by 162?
149
What is the remainder when 102440679 is divided by 653?
651
What is the remainder when 146854724 is divided by 10654?
10642
Calculate the remainder when 126998937 is divided by 172.
157
Calculate the remainder when 76954 is divided by 38385.
184
Calculate the remainder when 29652 is divided by 2277.
51
What is the remainder when 793504 is divided by 33062?
16
Calculate the remainder when 13273717 is divided by 5.
2
Calculate the remainder when 2535957 is divided by 31308.
9
What is the remainder when 1071934 is divided by 72?
70
Calculate the remainder when 68937425 is divided by 24.
17
What is the remainder when 11545199 is divided by 1069?
1068
Calculate the remainder when 1293957 is divided by 40436.
5
Calculate the remainder when 1627085 is divided by 546.
5
Calculate the remainder when 417552 is divided by 41472.
2832
What is the remainder when 1530327 is divided by 764363?
1601
What is the remainder when 1302768 is divided by 4083?
291
Calculate the remainder when 6922140 is divided by 147.
57
What is the remainder when 1960405 is divided by 229?
165
Calculate the remainder when 61481 is divided by 30509.
463
What is the remainder when 6986207 is divided by 8866?
8665
What is the remainder when 68028485 